-16))/1*b*2. Let v(d) = -7*d**2 + 1. What is v(q)?
-6
Let b = 2354 + -2360. Let w be 2/6 - 66/(-18). Let f(d) = -d + 3*d + w + 3. What is f(b)?
-5
Let r(n) = 2*n**2 + 132 - 230 + 106 - 2*n - 4*n. What is r(3)?
8
Suppose 6*m - 5*m + h + 3 = 0, -8*h - 11 = -5*m. Let z(q) be the second derivative of 1/2*q**2 + 0*q**3 + q + 0 - 5/12*q**4. Calculate z(m).
-4
Let g(z) = -7*z**2 + 5*z - 4. Let b(y) = 7*y**2 - 4*y + 3. Let j(o) = -3*b(o) - 2*g(o). Let v be (-9)/(-4) - ((-1463)/(-76) - 18). Calculate j(v).
-6
Let w = -1229 + 1244. Let s(h) = -h**3 + 16*h**2 - 13*h - 30. Calculate s(w).
0
Let f(l) = 3*l + 80. Let z = 6271 - 6297. Determine f(z).
2
Let f = -1 + 1. Suppose -j - 4*v = 10, -j - v + 7 = 8. Let g(o) = 682*o**2 + 11 - 683*o**j + o - 2*o + 5. Determine g(f).
16
Suppose 5*v + 30 = -4*b, 2*v - 5*b = -4602 + 4590. Let r(g) = 2*g + 0*g - g + 11. What is r(v)?
5
Let p(h) = h**3 + 6*h**2 - 9*h - 9. Let b be 4/5 - 92/115. Suppose -9*c - 35 - 28 = b. Determine p(c).
5
Let i be (-54)/12*(-1)/3*-94. Let h = i + 140. Let j(f) = -3*f**2 + f + 1. Give j(h).
-3
Let i(r) = -6 - 6*r**2 - 4*r**2 + 2*r - r**3 + 4*r**2 + 3*r. Let y(t) = -3*t**2 + 5. Let w = 25 + -23. Let l be y(w). Give i(l).
8
Let x(k) be the second derivative of 7*k**2 - 1/8*k**4 - 1/3*k**3 + 0 + 8*k. Let w(t) be the first derivative of x(t). Determine w(2).
-8
Let n be (-14)/4*20/7. Let y(w) = w - 11. Let p(s) = s - 12. Let h(a) = 4*p(a) - 5*y(a). Determine h(n).
17
Let a(b) = -81*b - 5. Let y(l) = l**2 - 78*l - 5. Let q(o) = -4*a(o) + 3*y(o). What is q(-30)?
5
Let q(d) be the first derivative of -d**4/2 - 14*d**3/3 + 2*d - 1627. Give q(-7).
2
Let b(p) = -p**2 - p - 5. Let w(i) = -5*i**2 + 8*i + 94. Let z(l) = -4*b(l) + w(l). What is z(18)?
6
Let a be -10*(4 - 5) + -5. Suppose -4*u = -9*u - 3*m + 48, 0 = -a*u + 2*m + 43. Let g(n) = 0*n**3 + 7*n**2 + n**3 + 446 - u*n - 449. What is g(-8)?
5
Let a(z) = -z**3 - 4*z**2 + 4*z - 2. Let i be (-65)/((-2080)/(-256))*(-6)/(-8). Give a(i).
46
Let v(z) = z - 1. Let w(q) = 5*q - 1. Let a(f) = -6*v(f) + w(f). Suppose 27*j - 3*d + 18 = 25*j, 0 = -4*j - 4*d + 24. Determine a(j).
5
Let s be 7/3 + 2/3. Let o(c) be the third derivative of c**4/12 - 133204*c**2. Give o(s).
6
Let b be 169 - 7 - (3 - -1). Let k = -160 + b. Let f(h) = -6*h**2 + 4*h + 3. Calculate f(k).
-29
Let s(c) be the third derivative of c**5/60 + 5*c**4/24 - 10*c**3/3 + 17*c**2. Let f(i) = i**2 + 4*i - 17. Let k(m) = -6*f(m) + 5*s(m). Determine k(-2).
-4
Suppose 0 = -12*s + 10*s + 10. Suppose 0 = -3*g - s*u, -3*g - 2*u + 16 = -5*g. Let d(o) = 2*o**2 + 5*o - 6. Calculate d(g).
19
Let d(v) = v**2 + 5*v + 4. Let f(n) = n**3 + 52*n**2 - 28*n**2 - 35*n**2 + 9 + 8 + 26*n - 2. Let w be f(5). What is d(w)?
4
Let t(n) = 4*n**3 - n**2 + 4*n. Let a(h) = 4*h + 1 - 8*h**3 - 2*h + 9*h**3. Let j(b) = 3*a(b) - t(b). Determine j(3).
-9
Suppose 2 = 3*b - 5*p, 315*p - 313*p = 10. Let r(s) = 3*s**2 - 2*s**2 - 13*s + 0*s**2 + 3*s + 14. Determine r(b).
5
Let w(m) = 3*m + m + 0*m**2 - m**3 - 12 + 8*m**2. Suppose 4*h - 4*c - 15 = 21, 5*h - 4*c = 44. Determine w(h).
20
Let c(f) = -f**2 - 6*f - 2. Let g be c(-4). Let p = g - 9. Let j(u) be the first derivative of 2*u**3/3 + 5*u**2/2 + 2*u + 123. Give j(p).
5
Let s be ((15/(-12))/5)/((-4)/32). Suppose b + s*n = 11, 2*b + n - 1 - 6 = 0. Let p(q) = -26*q - 1. Calculate p(b).
-27
Suppose -1 = 13*g - 14*g. Let q(r) = 4599*r**3 + 2*r - 4 + 3 - 4601*r**3. Calculate q(g).
-1
Let l(h) = 11*h - 6. Let p be (0 + -1)/(39/39). Let n(s) = -4*s + 1. Let z(g) = p*l(g) - 3*n(g). Determine z(1).
4
Let h(s) = 2*s**3 - 2*s**2 - 9*s + 15. Let x = 9501 + -9499. Determine h(x).
5
Let u(b) = b**2 - 8*b. Let r = -20389 + 20395. Determine u(r).
-12
Let x(m) = m**3 - 9*m**2 - 11*m - 1. Suppose 5*b - 58 = -2*g, 2*b - 2*g = 11 + 1. What is x(b)?
-11
Let t(f) = 5*f**2 + 36*f - 5. Let s(d) = d**2 + 7*d - 1. Suppose -172 = 65*m - 887. Let p = 3 - 5. Let v(q) = m*s(q) + p*t(q). What is v(-6)?
5
Let v be -15*1/(-6)*2/1. Let y(q) = -q - 1. Let s(b) = 2*b - 3. Let f(j) = j - 1. Let c(t) = -7*f(t) + 3*s(t). Let d(x) = v*y(x) - 2*c(x). Give d(3).
-10
Let q be 15 + -14 - 18 - (2 - 11). Let x(l) = l**2 + 9*l + 14. Calculate x(q).
6
Let v(b) = -7*b + 5*b + 0 + 1. Let h(f) = 10*f - 90. Let c be h(3). Let l be c/25 + 2/5. Determine v(l).
5
Let x(u) = u + u**2 + 1 + u - 9. Let b be 5 + -12 - ((-150)/90 - 2/(-3)). Determine x(b).
16
Let b(n) be the second derivative of -n**5/60 + n**4/3 + 7*n**3/6 - 35*n**2 + 57*n. Let u(s) be the first derivative of b(s). Give u(10).
-13
Let t be (1/1 + 0)*154/2. Suppose f = -2*u + t, 37 = -u + 2*u - f. Suppose 40*y - 2 = u*y. Let a(g) = 5*g - 1. Determine a(y).
4
Let o(v) = -v**3 - 6*v**2 - 6*v. Let r = 95 - 67. Let l = r - 23. Suppose -2*f - 5 = l. Calculate o(f).
5
Let n(k) = 42*k + 1. Suppose -285*d - 3906 = -292*d. Let m = -557 + d. Determine n(m).
43
Let g be -6*(-2)/(1/(-2)*4). Let j(v) = -7*v**3 + 5*v**2 - v + 7. Let x(u) = 6*u**3 - 5*u**2 + u - 6. Let r(c) = g*x(c) - 5*j(c). Calculate r(5).
-4
Let p(q) = q**3 + 3*q**2 - 4*q - 1. Let d be 47 - (-3)/((-5)/5). Let j = 45 - d. Suppose -19 = o + 5*t, -2*t - j = 5. Give p(o).
-1
Suppose 2 = -11*h - 53. Let w(d) = -3 + 44*d**2 - 49*d**2 + 2 - 2*d. Let m(r) = 4*r**2 + 2*r. Let p(c) = -4*m(c) - 3*w(c). Determine p(h).
-12
Let k = 5 + -11. Let v(h) = -2925 + 7*h - 18*h + 2917. Let q(i) = 13*i + 9. Let s(g) = -5*q(g) - 6*v(g). Calculate s(k).
-3
Let l(j) = -j - 6. Let p = 115 - -12. Suppose 157 = 5*r + p. Suppose r*d = -2*d. Calculate l(d).
-6
Let b(a) = -2*a + 560. Let g(q) = -2*q + 700. Let l(c) = 5*b(c) - 4*g(c). What is l(26)?
-52
Let o(g) = 5*g**2 - 4*g + 6. Suppose -v + 4 = 2*q, -54*q = -59*q - 2*v + 13. Give o(q).
111
Let p = 6 - 2. Suppose 49*r - 45*r - p = 0. Let u(w) = -2*w**2 - 1. What is u(r)?
-3
Let h(u) = 26*u**3 + 22*u**3 + 22*u**3 - 2*u**2 + u**2 - 72*u**3. Let c = 1 + -3. Calculate h(c).
12
Let x(j) = -17*j + 38. Let o be x(2). Let p(v) = v**2 - 3*v. Let w(q) = -2*q**2 + 3*q + 1. Let z(g) = o*w(g) + 5*p(g). Determine z(-3).
-14
Let y(m) = -10*m - 26. Let s(d) = -4*d - 1. Let k(h) = -3*s(h) + y(h). Calculate k(6).
-11
Let s(p) = p**3 - 35*p**2 + 3. Suppose 37*m + 36*m = 70*m + 105. Determine s(m).
3
Let l(v) = v**3 - 5*v**2 + 3*v - 5. Let n = 229 - 199. Suppose -p - 5*x = -n, -3 = -3*p + 5*x - 13. Determine l(p).
10
Let m(o) = -o**2 + o - 4. Let y(v) = 2*v + 2*v**2 - v - 8*v**2 + 2*v + 0*v**2 - 12. Let w(k) = 12*m(k) - 4*y(k). Let a = 1 - 0. What is w(a)?
12
Let j(m) = -87*m**2 - 3*m - m + 44*m**2 + 5 + 25*m**2. What is j(2)?
-75
Let h be ((-164)/(-246))/(1/(-6)*(-8)/26). Let o(i) = -i**2 + 15*i - 20. Calculate o(h).
6
Let o(y) = 2*y**3 - 4*y**2 - 132*y - 38. Let k be o(-7). Let q(l) = l**2 + 2*l - 12. Determine q(k).
12
Suppose -360*a + 162 = -387*a. Let c(d) = 2*d**2 - 4*d - 3. What is c(a)?
93
Let k(l) = -16*l + 15. Let m(z) = -11*z + 11. Let a(h) = -5*k(h) + 7*m(h). Give a(-6).
-16
Suppose 0 = -32*t + 882 - 1138. Let x(b) = -b**2 + 8*b - 9. Give x(t).
-137
Let j = -51 + 255. Let q(b) = 411*b - 207*b - j*b + 3 + 0 - 2*b**2. What is q(4)?
-29
Let x(g) = 6*g**3 - 22*g**2 + 12*g + 55. Let k(w) = 2*w**3 - 7*w**2 + 4*w + 17. Let f(t) = 16*k(t) - 5*x(t). Determine f(3).
45
Suppose -32 = 7*t - 95. Let k(x) = -13*x + 2. Let b(c) = 28*c - 3. Let a(s) = t*k(s) + 4*b(s). What is a(0)?
6
Let j(v) = -v**2 + 3*v + 20. Suppose -22 = 13*z + 17. Let s be j(z). Let t(l) be the first derivative of l**3/3 - 2*l - 12. Determine t(s).
2
Let r(u) = 9*u + 29. Suppose 13*p - 90*p + 2706 - 2860 = 0. Determine r(p).
11
Let h(c) be the first derivative of -2*c**2 - 122*c - 3978. Determine h(-34).
14
Let o = -16695 - -16686. Let c(k) = 3*k - 9. Calculate c(o).
-36
Let g(b) be the third derivative of -b**5/60 + 11*b**4/24 - 8*b**3/3 + 1355*b**2. What is g(10)?
-6
Let h(c) = c**2 - 5*c - 13. Let n(a) = -a**2 + 3*a + 12. Let x(j) = 4*h(j) + 5*n(j). Let s(w) = w**2 + 6*w - 9. Let r(d) = 5*s(d) + 6*x(d). Give r(-4).
-13
Let b(q) = 30*q - 41*q**2 + 53 - 8*q + 40*q**2. Calculate b(24).
5
Suppose -3*c = -7*c - 48. Let s(n) be the third derivative of n**6/120 + 11*n**5/60 - 5*n**4/12 + 8*n**3/3 - 5*n**2 + 61*n. Give s(c).
-8
Let i(k) = -3*k + 2. Let g be i(-1). Suppose -s = g*j + 10, 6*j + 8 = 3*j - s. Let w(u) = 7*u**3 - 2*u**2 - 2*u - 1. Deter